+ 0)?
73
Let x be 1/(2 - (-3)/(-2)). Suppose -4*b - o + 165 = 52, -x*o - 98 = -4*b. What are the prime factors of b?
3
Let i be 0 - (-10 - -3 - -2). Suppose i = o - 2. List the prime factors of o.
7
Suppose -15 = 2*u - 101. What are the prime factors of u?
43
Suppose -3*z = -6*z + 45. List the prime factors of z.
3, 5
Let b be (1 - 9)/(3 - 5). Suppose b*c + 16 = 3*a, 0 = -5*a - 3*c + 7*c + 32. List the prime factors of a.
2
Let t = 95 - 64. Let b = 43 - t. List the prime factors of b.
2, 3
Let w = 530 + -359. What are the prime factors of w?
3, 19
What are the prime factors of (-20)/70 + 116/14?
2
Suppose -14 = -5*l + 1. What are the prime factors of (-3)/(-1) - (l - 4)?
2
Suppose -4*y - 494 = -3*m, 3*y - 617 = -5*m + m. What are the prime factors of m?
2, 79
Suppose r = -2 + 1. What are the prime factors of 12 + -2 + 4 + r?
13
Let h = 70 + -42. Suppose 18*r - 19*r + h = 0. What are the prime factors of r?
2, 7
Suppose s + 12 - 63 = 0. Suppose 4*b - s = -11. Suppose -b = -n - 0*n. What are the prime factors of n?
2, 5
List the prime factors of 4 - 2 - 5 - -42.
3, 13
Let p be 2 + (-4)/(0 - 2). Suppose -p*d = -2*i - 12, -2 = -5*d - i - 1. Suppose -g = u - 5, g + d = 4*u - 4. List the prime factors of g.
3
Suppose 0 = -k - k + 10. Let w(d) = d**2 - 4*d - 2. List the prime factors of w(k).
3
Suppose 17*n - 296 = 13*n. List the prime factors of n.
2, 37
Let f(d) = d**3 + 3*d**2 - 2*d - 2. Let s be f(-3). Suppose 0 - 1 = -2*v + c, 5*v - 4 = 2*c. Suppose -14 = -s*q + 2, 5*a + v = 3*q. List the prime factors of a.
2
Suppose 5*b - 257 = -7. What are the prime factors of b?
2, 5
Let n(m) = 3*m**3 - 6*m**3 - 2*m + 2 + 2*m**3 - 2*m**2. Suppose x - 22 = 12*x. What are the prime factors of n(x)?
2, 3
Let c(g) = g**3 + 8*g**2 + g + 10. Let p be 2/(1/(-2 - 2)). Let j be c(p). List the prime factors of 2/(-4)*j*-6.
2, 3
Suppose 2*l = l + 2. Suppose -38 = -3*x + 4*w, l*x + 4*w + 15 = 47. Suppose 2 = -o + x. List the prime factors of o.
2, 3
Let d(n) = -12*n - 9. What are the prime factors of d(-7)?
3, 5
Let c be -5 + 38 - (-3 - -2)/1. Let r(f) = f**3 - 6*f**2 + 6*f + 8. Let d be r(6). Suppose -5*g + c = 3*y, -y + 6*y + 2*g - d = 0. List the prime factors of y.
2
Let z(g) = -2*g - 4*g + g - 2 - 6*g. What are the prime factors of z(-3)?
31
Let q be -5*((-2)/(-5))/1. List the prime factors of -24*(-2 - q/4).
2, 3
Let q(f) be the third derivative of -f**5/120 + 19*f**4/24 + f**3/6 - 2*f**2. Let x(i) be the first derivative of q(i). List the prime factors of x(10).
3
Suppose -12*p + 228 = -6*p. What are the prime factors of p?
2, 19
Let s(a) = a**2 + 5*a + 3. Let i be s(-6). Let m be -1 - 6*(-6)/i. Suppose -2*j = 3*w - 16, 0 = 5*w - 5*j - 32 - m. What are the prime factors of w?
2, 3
Let c(s) = 2*s**2 - 3*s - 1. List the prime factors of c(3).
2
List the prime factors of ((-2)/(-1))/(((-6)/2)/(-138)).
2, 23
List the prime factors of ((-12)/3)/(-12) - (-22)/6.
2
List the prime factors of (-2)/10 - 431/(-5).
2, 43
Suppose 2*x - 414 = -6*q + q, 5*x + 183 = 2*q. What are the prime factors of q?
2, 3, 7
Let q(u) = -u**2 - 7*u - 5. Let z be q(-6). Let o be ((-10)/z)/(3/(-6)). Suppose b + o = 5*b - 4*h, 3*h + 20 = 4*b. List the prime factors of b.
5
Let h(s) = -s**3 + 9*s**2 - 10*s. Let y be h(7). Let p = -2 + y. What are the prime factors of p?
2, 13
Let v be 2 + 0/3*1. What are the prime factors of (0 - v/4)*-6?
3
Suppose -k + u + 15 = -4*u, 2*k + 4*u = -12. Let a be (2 + -1 + 0)*5. Let n = a + k. List the prime factors of n.
5
Let x(y) be the second derivative of y**5/60 - y**3/3 + y**2 + y. Let p(r) be the first derivative of x(r). List the prime factors of p(-2).
2
Let u be 11 + 6/(-2) + 2. Suppose 3*s - 8*s = -u. List the prime factors of (-3)/s*(-136)/12.
17
Let n = -71 - -115. List the prime factors of n.
2, 11
Let p(k) = k**2 + 7*k + 6. Let m be p(-7). Let o = m + -3. What are the prime factors of o?
3
Let q(n) = -63*n**3 - 2*n - 1. What are the prime factors of q(-1)?
2
Suppose -2*i + 5 + 15 = 0. Suppose 2*a + 2*m = i, 5*a + m - 27 = -2*m. Suppose -j - 55 = -a*j. List the prime factors of j.
11
Suppose 6*q = 4*q + 10. What are the prime factors of q?
5
Let v be (4/(-8))/(1/(-16)). What are the prime factors of v - (-1)/(-2)*0?
2
Let a be 1/5 + (-222)/(-15). Let d(g) = -8*g**3 + 1. Let x be d(1). Let k = x + a. What are the prime factors of k?
2
Let n be (-6)/2*(2 + -3). Suppose -n*l - l = 0. Suppose l = 2*c + 2*c - 28. What are the prime factors of c?
7
Let q = 1 + 1. What are the prime factors of (45/(-10))/(q/(-4))?
3
What are the prime factors of (-10)/4*(-972)/30?
3
Suppose -h + i = 24, -3*h - 93 = h - 3*i. Let t = 11 - h. What are the prime factors of t?
2
Let k(w) = 42*w**2 + w + 5. What are the prime factors of k(-2)?
3, 19
Let r be (2/3)/(4/(-24)). List the prime factors of (-3 - r)*(-26)/(-2).
13
Suppose -g - 32 + 149 = 0. List the prime factors of g.
3, 13
What are the prime factors of (-64)/6*(-6)/2?
2
Let a = 14 + -11. Suppose 15 = -m + a*o, 4*m = -o - 8 - 0. List the prime factors of 7*(m/7 - -3).
2, 3
Let s(t) = -t**3 + t - 4*t**2 + 2*t + 4 + t. Suppose 4*g + 20 = -0*g. List the prime factors of s(g).
3
Let y = 296 - 108. What are the prime factors of y?
2, 47
Let z be (7 + -11)/(0 - 2). Suppose 5*l + 42 = z*f, 3*f - 4*l - 29 = 48. What are the prime factors of f?
31
Let g = -22 - -48. Suppose -2*p + g = -2*m, 17 = 3*p + 3*m - 16. List the prime factors of p.
2, 3
Let l(x) = x**2 + 9*x + 2. List the prime factors of l(-9).
2
What are the prime factors of 95 - -3 - (-3 + 5)?
2, 3
Let b(z) = 8*z. Let r(d) = -d**3 - 3*d**2 + d + 4. Let a be r(-3). List the prime factors of b(a).
2
Let r = 4 + -6. Let u(g) = g**3 + 2*g**2 - 2*g - 1. Let n be u(r). Suppose 6 = n*h - 9. What are the prime factors of h?
5
Let r(g) = -g**3 - 2*g**2 + 4*g - 6. Let t(s) = -s**3 - 3*s**2 + 4*s - 6. Let x(a) = 7*r(a) - 6*t(a). List the prime factors of x(4).
2, 5
Let h(b) = b**2 - b + 2. List the prime factors of h(5).
2, 11
Suppose -160 = 2*j - 3*n - 657, -j + n + 246 = 0. What are the prime factors of j?
241
Let p(x) = -31*x + 72. List the prime factors of p(-7).
17
Let y(d) = d + 11. Let i(r) = -r**2 + 9*r - 8. Let q be i(8). List the prime factors of y(q).
11
Let y = -54 - -116. Let t = -26 + y. What are the prime factors of t?
2, 3
What are the prime factors of (-6 + 116/6)*18/4?
2, 3, 5
Suppose -2*p = -5*w - 4*p + 2, 5*p - 5 = 0. Suppose w = c + 15 + 12. List the prime factors of 2/3*c/(-6).
3
Let k(n) be the second derivative of n**3/3 - 9*n**2/2 + 3*n. Let x be k(6). Suppose -c - 22 = -x*c. List the prime factors of c.
11
Suppose 3*a = -2*v - 2*a + 25, -5 = -a. Let f(o) = v*o - 1 + 7*o**2 + o + 3*o**2. List the prime factors of f(1).
2, 5
Suppose -v = -0*v - 2. Let l = v + 30. List the prime factors of l.
2
Suppose -f - 6 = -2*q, 3*f = -4*q + f + 12. Suppose q*h + 16 = 5*h. List the prime factors of h.
2
Suppose 9*h + 118 - 1153 = 0. What are the prime factors of h?
5, 23
Let h = 122 - 83. What are the prime factors of h?
3, 13
Suppose -24 = -4*g + 32. List the prime factors of g.
2, 7
Let n = -64 + 73. What are the prime factors of n?
3
Let t = -1 + 3. Let w(h) = 2*h**3 - h**2 - h + 2. List the prime factors of w(t).
2, 3
List the prime factors of ((-196)/21)/(1/(-3)).
2, 7
Suppose 264 + 1 = 5*o. List the prime factors of o.
53
Let l(m) = -m**3 - 7*m**2 + 4*m. List the prime factors of l(-8).
2
Let p be (-10 + 4 + -2)/(-2). Suppose -53 = -p*w + 27. What are the prime factors of w?
2, 5
Let f(w) = 33*w**2 - w. What are the prime factors of f(-1)?
2, 17
Let k be ((-6)/4 - -3)*2. Suppose -4*l + 37 = -3*a, -k*l + 4*a - a + 24 = 0. List the prime factors of l.
13
Let l(w) = -4*w - 1 + 2 + 1 - w**2. Let a be l(-4). Suppose 2 - 16 = -a*u. List the prime factors of u.
7
List the prime factors of (0 - -1)*(284 - 19).
5, 53
Let m(s) = -s**2 + 2*s + 5. Let p be m(5). Let u = p - -4. Let i = u + 12. What are the prime factors of i?
2, 3
Let n = -24 - -19. Let y(w) = -w**2 - 6*w - 3. List the prime factors of y(n).
2
Suppose -100 = -4*b - 4*r, 20 + 27 = 3*b - 4*r. What are the prime factors of b?
3, 7
Let w(y) = 17*y + 124. List the prime factors of w(15).
379
Let s(t) = t - 4. Let q be s(6). Suppose 10 = 5*u - 2*x, -10 - 18 = -q*u - 4*x. What are the prime factors of u?
2
Let